at is (11 - 1) + (7 - (-7 + 23)) + 10?
11
Calculate -10 + 4 + 1 - (-145 - -132).
8
Evaluate -3 + 11 + -7 + -14 - -2.
-11
-2 - 7 - -3 - (8 - 29)
15
Calculate -28 - (24 + -42 - -15).
-25
What is -75 + -17 + 58 - (-1 + 2 - 1)?
-34
What is 0 + (16 - (-18 + 34))?
0
-58 + 8 + 6 + 0 + 3 + 8
-33
What is 8 + (16 + -10 - -3)?
17
15 - (29 + -56 - -24)
18
Evaluate -1 + (-4 - 1) - (-6 + (0 - 12)).
12
(13 - 39 - -19) + (1 - -9) + 17
20
Evaluate (3 - -12 - 14) + (1 - 17).
-15
What is 55 + -79 - (11 + 6 - 9)?
-32
Calculate -16 + 32 + -4 - 0.
12
Calculate 9 + 0 - (-22 + (-10 - -35)).
6
What is the value of 1 + 3 + (-2 - 0) - (-1127 + 1125)?
4
What is 2 - ((-2 - 3) + -1) - (1787 + -1799)?
20
What is the value of (15 - (-10 + 15)) + -2?
8
Calculate -10 + -2 - (-83 + 78).
-7
What is 3 - (10 + 4 + -11)?
0
-346 + 331 - (-1 + -18) - (2 + -14)
16
What is the value of 6 + -16 + 9 - (4 - (10 - -2))?
7
10 + (131 - 116) + (-2 - -1)
24
Calculate 0 + (1 - -10) - 11.
0
What is the value of (12 - 3) + -10 + -6 - (-12 + -1)?
6
Calculate 2 + (16 - (7 + 8)).
3
Calculate (0 - (-8 - 0 - 1)) + -4 + 0.
5
Evaluate -25 + 0 + (371 - 350) + (-17 - 1).
-22
Evaluate (-22 + 7 - (-10 - 8)) + -2 + 3.
4
What is the value of -15 - ((-15 - -22) + -20)?
-2
What is -11 - (-7 - ((-9 - 2) + (-11 - -18)))?
-8
3 + 6 + -17 + (5 - -22)
19
Evaluate (22 + -10 - 36) + 13.
-11
(9 - 2 - 2) + (-8 + 3 - -10)
10
Evaluate -3 + 10 + -4 + 23 + -16.
10
22 - 13 - (-5 - -25) - -40
29
Calculate -15 + (-18 - -15) + -1 + -1 + 11.
-9
What is -11 - (-5 + 2) - -4 - 6?
-10
What is 157 + -160 + -1 + (2 - -20)?
18
Calculate -6 + -16 + 26 + (9 - 6).
7
What is (5 + 8 - 6 - 0) + 1?
8
What is the value of -16 - -10 - -13 - 23?
-16
Evaluate -1 - 5 - (260 + -275).
9
What is (5 - (21 - 1) - 1) + 18 + -14?
-12
What is the value of -7 - ((-22 - -16) + -4 + 1)?
2
31 + -3 + -4 + -4 - (0 + 7)
13
40 + -24 + -40 + (-1 - -6)
-19
Evaluate -7 - (-6 + (-4 - 6) + 2 + -3).
10
What is the value of -10 + (22 - (-7 - -7))?
12
What is the value of -2 - (-18 + (23 - 5) + (-9 - 0))?
7
Evaluate (630 - 608) + (0 - 7).
15
What is the value of -5 - -3 - -8 - (-7 + 25) - -2?
-10
Evaluate (-17 - 0) + (487 - 473).
-3
(1 - -5) + (10 - (-1 - (-13 - -3)))
7
(4 - (-8 + 3)) + -7
2
(-13 - (-11 + 1)) + -1
-4
Calculate 8 + 11 + -4 + -4.
11
What is the value of -78 - -86 - (24 - -3)?
-19
What is the value of -17 - (1 + -12 - -4)?
-10
Evaluate (3 - 2) + 126 + -124.
3
What is -4 + 1 + (-65 - -77)?
9
Calculate -6 - ((53 - 36) + -7 + -21).
5
Evaluate 4 - 6 - (-5 - 0).
3
Evaluate 43 - 55 - (-3 - 4).
-5
(-13 - 32 - -30) + -1 + -1
-17
What is the value of 4 + (9 + -5 + -15 - -10)?
3
18 - 0 - (2 + (-6 - (4 + -11)))
15
(8 + -6 - (-2 - -1 - -2)) + -4
-3
-5 + -5 + 1 + 5 + -16 + 28
8
Calculate -1 + 0 - (-16 - -22 - 7).
0
What is the value of (-1 - -8 - (54 - 49)) + (-16 - -5)?
-9
-27 + 3 + (-12 - -20) - 4
-20
Calculate (-43 - -46) + -48 + 20.
-25
What is (8 + 2 - 7 - 21) + 11?
-7
Calculate 59 + -12 + -23 - 39.
-15
Evaluate -5 + 11 + 1 + -9.
-2
What is (-17 - (-4 - -1)) + (314 - 322)?
-22
39 + (2 - (-17 - -37))
21
What is 2 - (-2 + -4 - (-25 - (-13 - -14)))?
-18
What is the value of 2 + -10 + -11 + 25?
6
What is -4 + -11 + 6 + (-4 - (-2 - -4))?
-15
Evaluate -7 - (8 + -4 + 6 - 5).
-12
What is -21 + (55 - -9) + -24?
19
Evaluate -31 - -20 - (7 + -8 - (1 - -6)).
-3
Evaluate 18 - (-18 + 32) - 8.
-4
(9 - 11) + (6 + -2 - 0)
2
Calculate 6 - (3 - 0 - (1 + 3)).
7
What is (-16 - 0) + (441 - 428)?
-3
Evaluate (-61 - (-8 + -58)) + (-1 - -2 - 3).
3
Calculate 11 + 101 + -152 + (1 - -4 - 0).
-35
Evaluate -13 + (17 + -3 - 2) + 24.
23
What is the value of (-4 + 4 + -6 - -4) + 1 + 0?
-1
What is 3 + -8 + 8 + -17?
-14
What is the value of 24 - (25 - -8) - -25?
16
What is 17 + -10 - 6 - -8?
9
Calculate (17 + -9 - 2) + 0 + -12 + -3.
-9
What is the value of 28 + -18 - (-3 + 1 - (3 - -3))?
18
What is -11 + (-25 - (-20 + -5))?
-11
16 - ((-5 - -16) + -9)
14
What is (1 - 4) + (7 - (-3 - -14))?
-7
What is the value of (21 - 2) + -16 + 3 + -3 + 0?
3
What is -39 - (-60 - -24) - 15?
-18
Evaluate (24 - 30) + 17 - (3 + -1).
9
What is the value of (-641 - -651) + (3 - 2 - -18)?
29
What is -25 + -8 + -6 + (13 - 0)?
-26
Calculate (-133 - -123) + (-1 - 1).
-12
Calculate (-3 - -2 - -2) + -4 + -5 + 10.
2
Calculate 2 + -27 + 25 - (6 + (1 - 2)).
-5
What is 7 - (-16 - (-49 - -24))?
-2
Calculate -11 - (21 - (38 + -24) - (2 - 12)).
-28
Calculate 7 + 1 + ((4 - 10) + -9 - -4).
-3
1 - 10 - (-78 + 92)
-23
Evaluate (-1 - -5) + -9 + 15 + -11 + 5.
4
What is (4 - 10 - -16) + -2 - 19 - 1?
-12
Calculate 12 + 2 + -19 + -9 + -18.
-32
What is -2 + (26 - -1) - (17 + -4 + -18)?
30
Calculate -8 + 19 + (0 - 5) + (11 - 10).
7
Calculate 2 + (16 - 3) + -37.
-22
What is the value of -6 + (5 - 0) + -5 + (-31 - -32)?
-5
What is -1 + (6 - 9 - (8 - 1))?
-11
What is the value of -5 + (10 - (25 + (-16 - -13)))?
-17
Calculate 6 + (-1 - (7 + -14 + -2)).
14
Evaluate 8 - (-36 + 25) - -4.
23
What is (-12 - (10 + -21 - -1)) + (8 - -1)?
7
What is 4 - (-3 - (2 - 8 - (-9 + -1)))?
11
What is (8 + (-7 - 31) - (-22 + 10)) + -11?
-29
Calculate 1 + (3 - (-4 - (-1 - (5 - 6)))).
8
What is the value of -2 - 1 - 0 - (-47 + (-15 - -50))?
9
-57 - (-12 - (48 + -37))
-34
What is the value of -4 + 2 - (-15 + 17 + -2) - -13?
11
Evaluate -2 + 16 + -4 + -13.
-3
Evaluate 8 + (-10 + -22 - -17).
-7
What is -5 - (5 - (4 - -3) - 8)?
5
Calculate (-3 - -1) + 2 + (-6 + 8 - -1).
3
Evaluate -5 - -16 - (-4 + 4 - 4).
15
-2 + -7 - -24 - -1
16
What is -1 + 3 + -20 + (-10 - -37)?
9
What is (0 - -7) + -2 - (14 + 25 + -21)?
-13
Evaluate (573 - 579) + (-2 - 1 - -7).
-2
What is the value of -6 - (27 + (-11 - 8))?
-14
Evaluate -21 - (19 - (9 + 11)).
-20
Evaluate (24 - 15) + 0 + 1.
10
(-21 + 6 - -19) + (5 - 0)
9
Calculate 20 + (-2 - 12) - -16.
22
What is -14 + (-41 + 14 - -46)?
5
5 - (47 + -50 - (4 - -7))
19
What is (2 - 3) + (-1 - 9) + (-46 - -59)?
2
What is the value of 13 - (3 - -8) - (-11 + -1 + 2)?
12
What is the value of (-4 - (-6 + -2 + (0 - -1))) + 4?
7
What is the value of (-4 - (10 + -13)) + 11?
10
Calculate (-241 - -195) + 24 + 1.
-21
What is the value of -1 - (9 - (-1 + 6 + (6 - 11)))?
-10
What is the value of -4 + (-33 - -27) - (8 - 1)?
-17
Calculate 11 - ((159 - 149) + -1 + -15).
17
What is the value of (14 - (0 + 24) - -10) + 13?
13
Calculate 17 + (-2 - 13) - (10 + 8).
-16
Evaluate 7 - (0 + -3) - (29 + -37).
18
Calculate 30 - (-4 - (4 + -18)).
20
What is the value of -13 + 23 + (32 - 21)?
21
Evaluate -7 - ((0 - -1 - (2 - -3)) + -5).
2
What is the value of (-24 - (-6 - 9)) + 7?
-2
Calculate 1 - -1 - (0 + -8).
10
What is (-2 - 12 - 0) + 1 + 22?
9
Calculate -4 + (-3 + -9 + 8 - -5 - 9).
-12
Calculate (5 - -10) + -10 - (6 - 8).
7
Evaluate (2 - 27) + 89 + -61.
3
What is -15 + -1 + 22 + -18 + -1?
-13
Calculate 8 - ((2 - 1) + (14 - 6) + -15).
14
Calculate (5 - (-11 - -14) - 1) + -1.
0
What is the value of -18 + (1 + -7 + 5 - -5)?
-14
Evaluate (-27 - -29) + 6 + 1 + -6 + 3.
6
What is (2 - -3 - -2) + 199 + -200?
6
What is the value of -20 + -17 + 14 + 23?
0
Evaluate 4 - 21 - ((-14 - -1) + 10 + 3).
-17
What is (-1 - (-4 + 4)) + -7 + 4 + -2?
-6
Evaluate -3 + 23 + -11 - (5 + 1).
3
What is the value of (-10 - -4) + (-5 - 4) - -6?
-9
Calculate (5 - (13 - 10)) + 30 + -10.
22
What is 61 - 41 - (33 - -13)?
-26
Evaluate (11 + -59 - -20) + 19.
-9
-90 - -106 - (0 + 0 + 0)
16
Calculate -2 + 6 + (8 - 9) + -12.
-9
Evaluate (-15 - 7) + 7 - -25.
10
Calculate (23 - 13) + (6 - (5 + -6)).
17
What is 5 - (0 - 28 - (25 + -21 + -7))?
30
What is the value of 3 + -10 + (-1 - (9 - 3))?
-14
What is (21 - 8 - 19) + 11?
5
What is the value of 3 + (-6 - 4) + (-3 - (-3 - -7))?
-14
What is the value of 26 + -14 - 4 - (0 + -7)?
15
10 + 9 + 4 + -23
0
Evaluate 3 + -4 - -3 - ((-9 - 18) + 9).
20
What is 1 + -1 + -7 - (-90 - -92) - 1?
-10
Calculate -17 + (-2 + 11 - 10 - 5) + -7.
-30
What is 20 - 2 - (80 - 60)?
-2
Evaluate (-1 - -6 - (-22 + 24)) + -4 + -2.
-3
What is 7 + 3 + -25 + 17 + 15?
17
What is the value of (-2 + -3 - 1) + (97 - 103)?
-12
What is -1 - -1 - -6 - (56 + -115 + 50)?
15
Evaluate 0 + (-4 - -28) + -5.
19
-9 + 8 + (10 - (-7 + 7))
9
Evaluate (204 - 243) + 1 + 30.
-8
Evaluate -5 + 0 + 2 - -2.
-1
(-116 - 15) + 130 - (6 - (-2 + 1))
-8
-4 + 25 + -16 + 9
14
What is the value of -17 + 1 - (-2045 + 2023)?
6
Evaluate